{"version":"1.0","type":"rich","width":"560px","height":"140px","title":"Le puse mascarilla a mi coraz\u00f3n - \u00bfTodav\u00eda estamos dispuestos a dar la vida por Jes\u00fas y por los amigos?","url":"https:\/\/podcast.juandiegoluna.com\/2022\/02\/22\/le-puse-mascarilla-a-mi-corazon\/","author_name":"Coraz\u00f3n de Luna - Coraz\u00f3n de Luna, un podcast donde Meli y yo te abrimos nuestro coraz\u00f3n.","author_url":"https:\/\/podcast.juandiegoluna.com","thumbnail_url":"https:\/\/podcast.juandiegoluna.com\/wp-content\/uploads\/2020\/07\/IMG_4571.png","html":"<iframe width=\"560px\" height=\"140px\" src=\"https:\/\/podcast.juandiegoluna.com\/2022\/02\/22\/le-puse-mascarilla-a-mi-corazon\/?standalonePlayer\"><\/iframe>"}

Le puse mascarilla a mi corazón - ¿Todavía estamos dispuestos a dar la vida por Jesús y por los amigos?

Corazón de Luna - Corazón de Luna, un podcast donde Meli y yo te abrimos nuestro corazón.
